{"id":391,"date":"2020-08-07T06:45:52","date_gmt":"2020-08-07T09:45:52","guid":{"rendered":"http:\/\/ergoehealth.com.br\/site\/?page_id=391"},"modified":"2020-08-24T16:11:43","modified_gmt":"2020-08-24T19:11:43","slug":"programa-gerenciamento-ergonomico","status":"publish","type":"page","link":"https:\/\/ergoehealthconsultoria.com.br\/site\/servicos\/programa-gerenciamento-ergonomico\/","title":{"rendered":"Programa de Gerenciamento Ergon\u00f4mico"},"content":{"rendered":"<div id=\"pl-391\"  class=\"panel-layout\" ><div id=\"pg-391-0\"  class=\"panel-grid panel-no-style\" ><div id=\"pgc-391-0-0\"  class=\"panel-grid-cell\" ><div id=\"panel-391-0-0-0\" class=\"so-panel widget widget_sow-image panel-first-child panel-last-child\" data-index=\"0\" ><div class=\"so-widget-sow-image so-widget-sow-image-default-4b231843ec72\">\n\n<div class=\"sow-image-container\">\n\t<img src=\"https:\/\/ergoehealthconsultoria.com.br\/site\/wp-content\/uploads\/2020\/07\/serv02.jpg\" width=\"900\" height=\"596\" srcset=\"https:\/\/ergoehealthconsultoria.com.br\/site\/wp-content\/uploads\/2020\/07\/serv02.jpg 900w, https:\/\/ergoehealthconsultoria.com.br\/site\/wp-content\/uploads\/2020\/07\/serv02-300x199.jpg 300w, https:\/\/ergoehealthconsultoria.com.br\/site\/wp-content\/uploads\/2020\/07\/serv02-768x509.jpg 768w\" sizes=\"(max-width: 900px) 100vw, 900px\" alt=\"\" \t\tclass=\"so-widget-image\"\/>\n<\/div>\n\n<\/div><\/div><\/div><div id=\"pgc-391-0-1\"  class=\"panel-grid-cell\" ><div id=\"panel-391-0-1-0\" class=\"so-panel widget widget_sow-editor panel-first-child panel-last-child\" data-index=\"1\" ><div class=\"so-widget-sow-editor so-widget-sow-editor-base\">\n<div class=\"siteorigin-widget-tinymce textwidget\">\n\t<p>Conjunto de atividades e\/ou servi\u00e7os que comp\u00f5e o gerenciamento dos riscos ergon\u00f4micos, desde a concep\u00e7\u00e3o do projeto, conscientiza\u00e7\u00e3o dos colaboradores e participa\u00e7\u00e3o dos mesmos na constru\u00e7\u00e3o de melhorias, al\u00e9m de sugest\u00f5es para atua\u00e7\u00e3o nos riscos j\u00e1 encontrados. O gerenciamento \u00e9 composto tamb\u00e9m por acompanhamentos judiciais, controle de absente\u00edsmo, al\u00e9m de atividades correlatas de ergonomia e fisioterapia do trabalho.<\/p>\n<\/div>\n<\/div><\/div><\/div><\/div><\/div>","protected":false},"excerpt":{"rendered":"<p>Conjunto de atividades e\/ou servi\u00e7os que comp\u00f5e o gerenciamento dos riscos ergon\u00f4micos, desde a concep\u00e7\u00e3o do projeto, conscientiza\u00e7\u00e3o dos colaboradores e participa\u00e7\u00e3o dos mesmos na constru\u00e7\u00e3o de melhorias, al\u00e9m de sugest\u00f5es para atua\u00e7\u00e3o nos riscos j\u00e1 encontrados. O gerenciamento \u00e9 composto tamb\u00e9m por acompanhamentos judiciais, controle de absente\u00edsmo, al\u00e9m de atividades correlatas de ergonomia e [&hellip;]<\/p>\n","protected":false},"author":1,"featured_media":0,"parent":17,"menu_order":22,"comment_status":"closed","ping_status":"closed","template":"","meta":[],"yoast_head":"<!-- This site is optimized with the Yoast SEO plugin v14.9 - https:\/\/yoast.com\/wordpress\/plugins\/seo\/ -->\n<title>Programa de Gerenciamento Ergon\u00f4mico - Ergo &amp; Health Consultoria<\/title>\n<meta name=\"robots\" content=\"index, follow, max-snippet:-1, max-image-preview:large, max-video-preview:-1\" \/>\n<link rel=\"canonical\" href=\"http:\/\/ergoehealthconsultoria.com.br\/site\/servicos\/programa-gerenciamento-ergonomico\/\" \/>\n<meta property=\"og:locale\" content=\"pt_BR\" \/>\n<meta property=\"og:type\" content=\"article\" \/>\n<meta property=\"og:title\" content=\"Programa de Gerenciamento Ergon\u00f4mico - Ergo &amp; Health Consultoria\" \/>\n<meta property=\"og:description\" content=\"Conjunto de atividades e\/ou servi\u00e7os que comp\u00f5e o gerenciamento dos riscos ergon\u00f4micos, desde a concep\u00e7\u00e3o do projeto, conscientiza\u00e7\u00e3o dos colaboradores e participa\u00e7\u00e3o dos mesmos na constru\u00e7\u00e3o de melhorias, al\u00e9m de sugest\u00f5es para atua\u00e7\u00e3o nos riscos j\u00e1 encontrados. O gerenciamento \u00e9 composto tamb\u00e9m por acompanhamentos judiciais, controle de absente\u00edsmo, al\u00e9m de atividades correlatas de ergonomia e [&hellip;]\" \/>\n<meta property=\"og:url\" content=\"http:\/\/ergoehealthconsultoria.com.br\/site\/servicos\/programa-gerenciamento-ergonomico\/\" \/>\n<meta property=\"og:site_name\" content=\"Ergo &amp; Health Consultoria\" \/>\n<meta property=\"article:modified_time\" content=\"2020-08-24T19:11:43+00:00\" \/>\n<meta name=\"twitter:card\" content=\"summary_large_image\" \/>\n<script type=\"application\/ld+json\" class=\"yoast-schema-graph\">{\"@context\":\"https:\/\/schema.org\",\"@graph\":[{\"@type\":\"WebSite\",\"@id\":\"https:\/\/ergoehealthconsultoria.com.br\/site\/#website\",\"url\":\"https:\/\/ergoehealthconsultoria.com.br\/site\/\",\"name\":\"Ergo &amp; Health Consultoria\",\"description\":\"Ergonomia e Qualidade de Vida\",\"potentialAction\":[{\"@type\":\"SearchAction\",\"target\":\"https:\/\/ergoehealthconsultoria.com.br\/site\/?s={search_term_string}\",\"query-input\":\"required name=search_term_string\"}],\"inLanguage\":\"pt-BR\"},{\"@type\":\"WebPage\",\"@id\":\"http:\/\/ergoehealthconsultoria.com.br\/site\/servicos\/programa-gerenciamento-ergonomico\/#webpage\",\"url\":\"http:\/\/ergoehealthconsultoria.com.br\/site\/servicos\/programa-gerenciamento-ergonomico\/\",\"name\":\"Programa de Gerenciamento Ergon\\u00f4mico - Ergo &amp; Health Consultoria\",\"isPartOf\":{\"@id\":\"https:\/\/ergoehealthconsultoria.com.br\/site\/#website\"},\"datePublished\":\"2020-08-07T09:45:52+00:00\",\"dateModified\":\"2020-08-24T19:11:43+00:00\",\"inLanguage\":\"pt-BR\",\"potentialAction\":[{\"@type\":\"ReadAction\",\"target\":[\"http:\/\/ergoehealthconsultoria.com.br\/site\/servicos\/programa-gerenciamento-ergonomico\/\"]}]}]}<\/script>\n<!-- \/ Yoast SEO plugin. -->","_links":{"self":[{"href":"https:\/\/ergoehealthconsultoria.com.br\/site\/wp-json\/wp\/v2\/pages\/391"}],"collection":[{"href":"https:\/\/ergoehealthconsultoria.com.br\/site\/wp-json\/wp\/v2\/pages"}],"about":[{"href":"https:\/\/ergoehealthconsultoria.com.br\/site\/wp-json\/wp\/v2\/types\/page"}],"author":[{"embeddable":true,"href":"https:\/\/ergoehealthconsultoria.com.br\/site\/wp-json\/wp\/v2\/users\/1"}],"replies":[{"embeddable":true,"href":"https:\/\/ergoehealthconsultoria.com.br\/site\/wp-json\/wp\/v2\/comments?post=391"}],"version-history":[{"count":4,"href":"https:\/\/ergoehealthconsultoria.com.br\/site\/wp-json\/wp\/v2\/pages\/391\/revisions"}],"predecessor-version":[{"id":501,"href":"https:\/\/ergoehealthconsultoria.com.br\/site\/wp-json\/wp\/v2\/pages\/391\/revisions\/501"}],"up":[{"embeddable":true,"href":"https:\/\/ergoehealthconsultoria.com.br\/site\/wp-json\/wp\/v2\/pages\/17"}],"wp:attachment":[{"href":"https:\/\/ergoehealthconsultoria.com.br\/site\/wp-json\/wp\/v2\/media?parent=391"}],"curies":[{"name":"wp","href":"https:\/\/api.w.org\/{rel}","templated":true}]}}