{"id":44,"date":"2020-07-15T17:14:01","date_gmt":"2020-07-15T20:14:01","guid":{"rendered":"http:\/\/ergoehealth.com.br\/site\/?page_id=44"},"modified":"2020-08-24T16:22:54","modified_gmt":"2020-08-24T19:22:54","slug":"outsourcing","status":"publish","type":"page","link":"https:\/\/ergoehealthconsultoria.com.br\/site\/outsourcing\/","title":{"rendered":"Outsourcing"},"content":{"rendered":"<div id=\"pl-44\"  class=\"panel-layout\" ><div id=\"pg-44-0\"  class=\"panel-grid panel-no-style\" ><div id=\"pgc-44-0-0\"  class=\"panel-grid-cell\" ><div id=\"panel-44-0-0-0\" class=\"so-panel widget widget_sow-editor panel-first-child panel-last-child\" data-index=\"0\" ><div class=\"so-widget-sow-editor so-widget-sow-editor-base\">\n<div class=\"siteorigin-widget-tinymce textwidget\">\n\t<p>Realizamos a terceiriza\u00e7\u00e3o de servi\u00e7os relacionados \u00e0 Sa\u00fade e Seguran\u00e7a do Trabalho, como PPRA, LTCAT, PCMSO, PCA, PGR\/GRO, atrav\u00e9s de parcerias com profissionais qualificados.<\/p>\n<\/div>\n<\/div><\/div><\/div><\/div><\/div>","protected":false},"excerpt":{"rendered":"<p>Realizamos a terceiriza\u00e7\u00e3o de servi\u00e7os relacionados \u00e0 Sa\u00fade e Seguran\u00e7a do Trabalho, como PPRA, LTCAT, PCMSO, PCA, PGR\/GRO, atrav\u00e9s de parcerias com profissionais qualificados.<\/p>\n","protected":false},"author":1,"featured_media":517,"parent":0,"menu_order":20,"comment_status":"closed","ping_status":"closed","template":"","meta":[],"yoast_head":"<!-- This site is optimized with the Yoast SEO plugin v14.9 - https:\/\/yoast.com\/wordpress\/plugins\/seo\/ -->\n<title>Outsourcing - Ergo &amp; Health Consultoria<\/title>\n<meta name=\"robots\" content=\"index, follow, max-snippet:-1, max-image-preview:large, max-video-preview:-1\" \/>\n<link rel=\"canonical\" href=\"http:\/\/ergoehealthconsultoria.com.br\/site\/outsourcing\/\" \/>\n<meta property=\"og:locale\" content=\"pt_BR\" \/>\n<meta property=\"og:type\" content=\"article\" \/>\n<meta property=\"og:title\" content=\"Outsourcing - Ergo &amp; Health Consultoria\" \/>\n<meta property=\"og:description\" content=\"Realizamos a terceiriza\u00e7\u00e3o de servi\u00e7os relacionados \u00e0 Sa\u00fade e Seguran\u00e7a do Trabalho, como PPRA, LTCAT, PCMSO, PCA, PGR\/GRO, atrav\u00e9s de parcerias com profissionais qualificados.\" \/>\n<meta property=\"og:url\" content=\"http:\/\/ergoehealthconsultoria.com.br\/site\/outsourcing\/\" \/>\n<meta property=\"og:site_name\" content=\"Ergo &amp; Health Consultoria\" \/>\n<meta property=\"article:modified_time\" content=\"2020-08-24T19:22:54+00:00\" \/>\n<meta property=\"og:image\" content=\"https:\/\/ergoehealthconsultoria.com.br\/site\/wp-content\/uploads\/2020\/08\/outsourcing.jpg\" \/>\n\t<meta property=\"og:image:width\" content=\"1920\" \/>\n\t<meta property=\"og:image:height\" content=\"918\" \/>\n<meta name=\"twitter:card\" content=\"summary_large_image\" \/>\n<script type=\"application\/ld+json\" class=\"yoast-schema-graph\">{\"@context\":\"https:\/\/schema.org\",\"@graph\":[{\"@type\":\"WebSite\",\"@id\":\"https:\/\/ergoehealthconsultoria.com.br\/site\/#website\",\"url\":\"https:\/\/ergoehealthconsultoria.com.br\/site\/\",\"name\":\"Ergo &amp; Health Consultoria\",\"description\":\"Ergonomia e Qualidade de Vida\",\"potentialAction\":[{\"@type\":\"SearchAction\",\"target\":\"https:\/\/ergoehealthconsultoria.com.br\/site\/?s={search_term_string}\",\"query-input\":\"required name=search_term_string\"}],\"inLanguage\":\"pt-BR\"},{\"@type\":\"ImageObject\",\"@id\":\"http:\/\/ergoehealthconsultoria.com.br\/site\/outsourcing\/#primaryimage\",\"inLanguage\":\"pt-BR\",\"url\":\"https:\/\/ergoehealthconsultoria.com.br\/site\/wp-content\/uploads\/2020\/08\/outsourcing.jpg\",\"width\":1920,\"height\":918,\"caption\":\"Colleagues giving a fist bump\"},{\"@type\":\"WebPage\",\"@id\":\"http:\/\/ergoehealthconsultoria.com.br\/site\/outsourcing\/#webpage\",\"url\":\"http:\/\/ergoehealthconsultoria.com.br\/site\/outsourcing\/\",\"name\":\"Outsourcing - Ergo &amp; Health Consultoria\",\"isPartOf\":{\"@id\":\"https:\/\/ergoehealthconsultoria.com.br\/site\/#website\"},\"primaryImageOfPage\":{\"@id\":\"http:\/\/ergoehealthconsultoria.com.br\/site\/outsourcing\/#primaryimage\"},\"datePublished\":\"2020-07-15T20:14:01+00:00\",\"dateModified\":\"2020-08-24T19:22:54+00:00\",\"inLanguage\":\"pt-BR\",\"potentialAction\":[{\"@type\":\"ReadAction\",\"target\":[\"http:\/\/ergoehealthconsultoria.com.br\/site\/outsourcing\/\"]}]}]}<\/script>\n<!-- \/ Yoast SEO plugin. -->","_links":{"self":[{"href":"https:\/\/ergoehealthconsultoria.com.br\/site\/wp-json\/wp\/v2\/pages\/44"}],"collection":[{"href":"https:\/\/ergoehealthconsultoria.com.br\/site\/wp-json\/wp\/v2\/pages"}],"about":[{"href":"https:\/\/ergoehealthconsultoria.com.br\/site\/wp-json\/wp\/v2\/types\/page"}],"author":[{"embeddable":true,"href":"https:\/\/ergoehealthconsultoria.com.br\/site\/wp-json\/wp\/v2\/users\/1"}],"replies":[{"embeddable":true,"href":"https:\/\/ergoehealthconsultoria.com.br\/site\/wp-json\/wp\/v2\/comments?post=44"}],"version-history":[{"count":6,"href":"https:\/\/ergoehealthconsultoria.com.br\/site\/wp-json\/wp\/v2\/pages\/44\/revisions"}],"predecessor-version":[{"id":518,"href":"https:\/\/ergoehealthconsultoria.com.br\/site\/wp-json\/wp\/v2\/pages\/44\/revisions\/518"}],"wp:featuredmedia":[{"embeddable":true,"href":"https:\/\/ergoehealthconsultoria.com.br\/site\/wp-json\/wp\/v2\/media\/517"}],"wp:attachment":[{"href":"https:\/\/ergoehealthconsultoria.com.br\/site\/wp-json\/wp\/v2\/media?parent=44"}],"curies":[{"name":"wp","href":"https:\/\/api.w.org\/{rel}","templated":true}]}}